at is 451 + -4?
44c
In base 15, what is 3 - 74?
-71
In base 15, what is 18 + -139?
-121
In base 4, what is 131010 - 1?
131003
In base 12, what is -5 + -122?
-127
In base 16, what is -f + -39?
-48
In base 11, what is -17 + -13?
-2a
In base 4, what is 113 - -10?
123
In base 11, what is -170 + 2?
-169
In base 5, what is 10103 + 2?
10110
In base 15, what is 464 - -4?
468
In base 15, what is -5a9 + 4?
-5a5
In base 2, what is -100101101000011 + 11?
-100101101000000
In base 7, what is 15 - -2?
20
In base 14, what is 5 + 13a?
141
In base 6, what is -42455 - 3?
-42502
In base 16, what is -867 + 1?
-866
In base 4, what is -120 + 113?
-1
In base 12, what is -3 + 96?
93
In base 8, what is -462 - -3?
-457
In base 2, what is 10 + 101010010?
101010100
In base 15, what is -b + 28?
1c
In base 9, what is 85 + 1?
86
In base 5, what is -400 - 2?
-402
In base 3, what is 122 + -211210?
-211011
In base 14, what is 5a + -a?
50
In base 12, what is 26a - 3?
267
In base 8, what is -233 + -16?
-251
In base 12, what is 6 - 170?
-166
In base 14, what is -65 - 0?
-65
In base 10, what is -44065 - -2?
-44063
In base 13, what is -1655 - -3?
-1652
In base 8, what is 11010 + 2?
11012
In base 11, what is 18 + 660?
678
In base 14, what is 1 - 21?
-20
In base 4, what is -3011 - -3?
-3002
In base 2, what is -111110 + -10110110?
-11110100
In base 11, what is 193 - 5?
189
In base 12, what is 3 - -154a?
1551
In base 4, what is 3 - 103002?
-102333
In base 3, what is -122101 + 2?
-122022
In base 8, what is -30 - 13?
-43
In base 16, what is a3 + 10?
b3
In base 9, what is 4 + -202?
-187
In base 2, what is -101 - 10001?
-10110
In base 11, what is 1 + 651?
652
In base 10, what is 217 + -4?
213
In base 15, what is -4 - 15?
-19
In base 4, what is 202 - 10?
132
In base 11, what is 0 - 32?
-32
In base 13, what is 63 + -3?
60
In base 12, what is -2 - -2?
0
In base 5, what is 4 + -103140?
-103131
In base 2, what is -11 - 1001?
-1100
In base 6, what is 4 + 140?
144
In base 11, what is -3 - -210?
208
In base 6, what is -411 + 4?
-403
In base 11, what is 4 - -84?
88
In base 8, what is -55 + -31?
-106
In base 12, what is -2 + 596?
594
In base 12, what is 6 + 32?
38
In base 5, what is -30403 + -2?
-30410
In base 11, what is 6 - 9?
-3
In base 2, what is -10001001 - 11?
-10001100
In base 12, what is 5 - 20?
-17
In base 9, what is 522 - -50?
572
In base 2, what is 101 + 1100100101?
1100101010
In base 10, what is -4 - -60?
56
In base 5, what is 0 + -1344?
-1344
In base 10, what is -32 + -2?
-34
In base 15, what is 5 - -2c?
32
In base 10, what is 0 + -27?
-27
In base 2, what is -101100 - -110?
-100110
In base 8, what is -5 - -10?
3
In base 10, what is 1 - 68?
-67
In base 2, what is 10 - -1000000?
1000010
In base 7, what is 0 - 416?
-416
In base 12, what is 2 + -1a84?
-1a82
In base 13, what is -3 + 1a1?
19b
In base 15, what is 1 + -c?
-b
In base 4, what is -1210 + -23?
-1233
In base 15, what is 839 + 2?
83b
In base 16, what is 8e - -5?
93
In base 7, what is -66 - -312?
213
In base 10, what is 8 + 14?
22
In base 12, what is 6 - 45?
-3b
In base 7, what is 510 - 4?
503
In base 7, what is 4 - 31?
-24
In base 2, what is 10000110111 - 11?
10000110100
In base 16, what is 69 - -1?
6a
In base 16, what is -1 - -5e?
5d
In base 6, what is -2 + -3225?
-3231
In base 8, what is 112 + -315?
-203
In base 10, what is -160 - -2?
-158
In base 14, what is 2 - 595?
-593
In base 10, what is 131 - -4?
135
In base 4, what is 2 + 11003?
11011
In base 16, what is -992 + 0?
-992
In base 3, what is 11 + 111020?
111101
In base 11, what is -5 + -17a?
-184
In base 8, what is -3 - -3?
0
In base 10, what is -60 - 0?
-60
In base 9, what is -2 + -561?
-563
In base 7, what is 2 + 350?
352
In base 7, what is -114 - -5?
-106
In base 9, what is -1 - 208?
-210
In base 10, what is -1019 + -3?
-1022
In base 3, what is -1121121 - 2?
-1121200
In base 6, what is 533 - -50?
1023
In base 13, what is 5 - 503?
-4cb
In base 6, what is 0 + -3522?
-3522
In base 11, what is 271 - -3?
274
In base 11, what is -2 + 1378?
1376
In base 9, what is -15 + 220?
204
In base 9, what is 2 - -58?
61
In base 9, what is 81 + -27?
53
In base 8, what is 1 + -126?
-125
In base 2, what is 100 - -110001010?
110001110
In base 12, what is -68 + 48?
-20
In base 13, what is 312 - c?
303
In base 8, what is -67 + 5?
-62
In base 6, what is 2 + -34?
-32
In base 11, what is -15 + 32?
18
In base 11, what is -3 - -70?
68
In base 14, what is -b + 14?
7
In base 12, what is -7 - 8b?
-96
In base 7, what is 0 - 22?
-22
In base 12, what is -15 - -10?
-5
In base 3, what is -2010 + -210?
-2220
In base 13, what is 2 + 152?
154
In base 13, what is -62 - -5?
-5a
In base 8, what is 3 - -7?
12
In base 9, what is -76 + -266?
-353
In base 10, what is -412 - -3?
-409
In base 8, what is 255 + 0?
255
In base 5, what is 30 - -10?
40
In base 8, what is 2 - 24?
-22
In base 3, what is -10 - 102220?
-110000
In base 7, what is -5 - -3116?
3111
In base 4, what is 0 + -2111?
-2111
In base 2, what is -1 + -1100110?
-1100111
In base 6, what is -43 + -10?
-53
In base 10, what is 5 + -142?
-137
In base 14, what is -4 - a3?
-a7
In base 6, what is 5 - 1015?
-1010
In base 16, what is -232 - -2?
-230
In base 7, what is -1464 - -12?
-1452
In base 3, what is 110 - 1021002?
-1020122
In base 11, what is 3 - 8?
-5
In base 13, what is 1 + 28a?
28b
In base 8, what is -72 + 5?
-65
In base 9, what is 6 - -83?
100
In base 14, what is -2016 + -1?
-2017
In base 16, what is 79b + -5?
796
In base 11, what is -3 - -110?
108
In base 14, what is 7d - -3c?
bb
In base 8, what is 2 - -164?
166
In base 12, what is -146 - 4?
-14a
In base 7, what is -146 + 5?
-141
In base 16, what is 90 - 31?
5f
In base 2, what is 10000000000 + -100?
1111111100
In base 7, what is -24 - -13?
-11
In base 5, what is -3 + 3410?
3402
In base 3, what is -2102011 + -12?
-2102100
In base 16, what is -3 + -a?
-d
In base 14, what is 0 + 47?
47
In base 4, what is -20 + -33230?
-33310
In base 3, what is -1002 + 112202?
111200
In base 8, what is 6 - 145?
-137
In base 15, what is -23d + -2?
-240
In base 2, what is 100 - 1110?
-1010
In base 2, what is 11001111111 + 101?
11010000100
In base 6, what is -13502 - 3?
-13505
In base 14, what is -512 + -3?
-515
In base 9, what is -47 + 1054?
1006
In base 5, what is 10 - 43344?
-43334
In base 11, what is 2 - -1a8?
1aa
In base 4, what is 203 + -110?
33
In base 14, what is -a - -117?
10b
In base 7, what is -3045 - -4?
-3041
In base 7, what is -66324 - -3?
-66321
In base 11, what is -3 - -12?
a
In base 2, what is 10 - 10000?
-1110
In base 4, what is -3 - -1123?
1120
In base 16, what is -4 + 22?
1e
In base 4, what is 313212 - -1?
313213
In base 15, what is 589 - -e?
598
In base 5, what is 4 + -323?
-314
In base 10, what is 2 + -238?
-236
In base 15, what is -23b7 + -2?
-23b9
In base 6, what is 2 - 5455?
-5453
In base 3, what is 101100 + -10?
101020
In base 6, what is -4 - 1105?
-1113
In base 5, what is 14 + -12331?
-12312
In base 2, what is 111111011 - -10?
111111101
In base 14, what is -19c - -10?
-18c
In base 15, what is -12 + 13?
1
In base 9, what is 2 + -264?
-262
In base 15, what is -1c - 2?
-1e
In base 2, what is -10010 - 100?
-10110
In base 14, what is 5 - -62?
67
In base 2, what is -1 - -111101?
111100
In base 11, what is -5 - 7?
-11
In base 7, what is -6 + -10?
-16
In base 5, what is -1 + -2041?
-2042
In base 15, what is -20 + 1?
-1e
In base 10, what is 117 - 8?
109
In base 9, what is 5 - -33?
38
In base 3, what is 1101 + -1?
1100
In base 11, what is -1077 + -3?
-107a
In base 13, what is -149 + -4?
-150
In base 4, what is -23 - -11?
-12
In base 3, what is 111112 - -10?
111122
In base 6, what is -133 - -2?
-131
In base 16, what is -dd3 - 4?
-dd7
In base 11, what is -9 - -48?
3a
In base 2, what is 1100011 - -11?
1100110
In base 16, what is 8 - 34d?
-345
In base 10, what is 5 - -66?
71
In base 13, what is b - 15?
-7
In base 15, what is 33 - -4?
37
In base 13, what is 251 + 4?
255
In base 6, what is -4203 + -10?
-4213
In base 13, what is 23 + -b7?
-94
In base 8, what is 5 - 3?
2
In base 6, what is 11353 + 4?
11401
In base 13, what is -5 + -286?
-28b
In base 7, what is -2044 - -22?
-2022
In base 14, what is -2 + 3b?
39
In base 2, what is -10100111 + 1?
-10100110
In base 12, what is 15 - b?
6
In base 15, what is -3 + -8?
-b
In base 